{"id":5382,"date":"2019-12-18T09:45:27","date_gmt":"2019-12-18T07:45:27","guid":{"rendered":"http:\/\/www.casemobilealba.ro\/acasa\/?page_id=5382"},"modified":"2019-12-18T09:45:27","modified_gmt":"2019-12-18T07:45:27","slug":"confidentialitate-gdpr","status":"publish","type":"page","link":"http:\/\/www.casemobilealba.ro\/acasa\/confidentialitate-gdpr\/","title":{"rendered":"CONFIDENTIALITATE-GDPR"},"content":{"rendered":"<p>INFORMARE PENTRU CLIEN\u021aI<\/p>\n<p>\u00cen calitate de furnizor de produse \u0219i prestator de servicii, HUTTER LAND SRL prelucreaz\u0103 date personale, prin site-ul www.casemobilealba.ro, \u00een conformitate cu Regulamentul (UE) 2016\/679(GDPR) \u0219i cu Legea nr. 190\/2018 privind m\u0103surile de aplicare a GDPR.<\/p>\n<p>&nbsp;<\/p>\n<p>1. Categorii de date cu caracter personal vizate<\/p>\n<p>Datele cu caracter personal avute \u00een vedere, reprezint\u0103 orice informa\u021bii referitoare la clientul no\u0219tri, ca de exemplu: nume, prenume, adresa de coresponden\u021b\u0103,\u00a0 num\u0103rul de telefon, adresa de e-mail, contul bancar, num\u0103rul contractului.<\/p>\n<p>2. Securitatea datelor<\/p>\n<p>HUTTER LAND SRL utilizeaz\u0103 diverse m\u0103suri tehnice \u0219i organizatorice pentru a asigura securitatea datelor dumneavoastr\u0103 personale \u00eempotriva manipul\u0103rii, pierderii, distrugerii, acces\u0103rii de c\u0103tre persoane neautorizate, \u00een mod accidental sau\/\u015fi inten\u021bionat.<\/p>\n<p>3. Scopul colect\u0103rii datelor cu caracter personal de c\u0103tre HUTTER LAND SRL<\/p>\n<p>Colectarea datelor cu caracter personal se face \u00een scopul oferirii unei mai bune experien\u021be la accesarea siteului, \u00eencheierea de contracte, facturi \u0219i orice alte acte contabile, transmiterea de oferte c\u0103tre clien\u021bi.<\/p>\n<p>4. Destinatarii datelor cu caracter personal prelucrate<\/p>\n<p>Datele \u00eenregistrate sunt utilizate de c\u0103tre firma noastr\u0103 cu bun\u0103-credin\u021b\u0103, \u00een scopuri legitime \u0219i cu respectarea cerin\u021belor tehnice \u0219i organizatorice adecvate pentru protejarea datelor cu caracter personal \u00eempotriva distrugerii accidentale sau ilegale, pierderii, modific\u0103rii, dezv\u0103luirii sau accesului neautorizat, precum \u0219i \u00eempotriva oric\u0103rei alte forme de prelucrare ilegal\u0103.<\/p>\n<p>5. Durata proces\u0103rii datelor<br \/>\nPrelucrarea datelor cu caracter personal se face c\u00e2t timp se presteaz\u0103 serviciile indicate, pana la scoaterea din evidenta clien\u021bilor sau pana la finalizarea termenului legal de arhivare.<\/p>\n<p>6. Drepturile utilizatorului \u00een ceea ce prive\u0219te prelucrarea datelor cu caracter personal<br \/>\nClientul beneficiaz\u0103 de dreptul de interven\u021bie asupra datelor, dreptul de a nu fi supus unei decizii individuale. Totodat\u0103, are dreptul de a se opune oric\u00e2nd prelucr\u0103rii datelor personale care \u00eel privesc \u0219i s\u0103 solicitate \u0219tergerea\/modificarea datelor.<\/p>\n<p>Refuzul clientului cu privire la prelucrarea datelor cu caracter personal se va reflecta numai asupra prelucr\u0103rii datelor \u00een scop de marketing, reclam\u0103 \u0219i publicitate, m\u0103surarea gradului de mul\u021bumire fa\u021b\u0103 de serviciile prestate de HUTTER LAND SRL. Refuzul nu se poate aplica \u00een ceea ce prive\u0219te executarea contractelor \u00eencheiate, colectarea debitelor, recuperarea crean\u021belor at\u00e2t pe cale amiabil\u0103 c\u00e2t \u0219i prin intermediul ac\u021biunilor \u00een instan\u021b\u0103.<\/p>\n<p>Pentru orice informa\u021bii suplimentare cu privire la Confiden\u021bialitatea datelor \u0219i RGDP, v\u0103 rug\u0103m s\u0103 ne contacta\u021bi prin intermediul paginii de Contact de pe site, pe mail sau telefonic la +40 771 631151.<\/p>\n","protected":false},"excerpt":{"rendered":"<p>INFORMARE PENTRU CLIEN\u021aI \u00cen calitate de furnizor de produse \u0219i prestator de servicii, HUTTER LAND SRL prelucreaz\u0103 date personale, prin site-ul www.casemobilealba.ro, \u00een conformitate cu Regulamentul (UE) 2016\/679(GDPR) \u0219i cu Legea nr. 190\/2018 privind m\u0103surile de aplicare a GDPR. &nbsp; &hellip; <a href=\"http:\/\/www.casemobilealba.ro\/acasa\/confidentialitate-gdpr\/\">Continued<\/a><\/p>\n","protected":false},"author":1,"featured_media":0,"parent":0,"menu_order":0,"comment_status":"closed","ping_status":"closed","template":"page-templates\/full-width.php","meta":{"footnotes":""},"class_list":["post-5382","page","type-page","status-publish","hentry"],"yoast_head":"<!-- This site is optimized with the Yoast SEO plugin v27.4 - https:\/\/yoast.com\/product\/yoast-seo-wordpress\/ -->\n<title>CONFIDENTIALITATE-GDPR - CASE MOBILE<\/title>\n<meta name=\"robots\" content=\"index, follow, max-snippet:-1, max-image-preview:large, max-video-preview:-1\" \/>\n<link rel=\"canonical\" href=\"http:\/\/www.casemobilealba.ro\/acasa\/confidentialitate-gdpr\/\" \/>\n<meta property=\"og:locale\" content=\"ro_RO\" \/>\n<meta property=\"og:type\" content=\"article\" \/>\n<meta property=\"og:title\" content=\"CONFIDENTIALITATE-GDPR - CASE MOBILE\" \/>\n<meta property=\"og:description\" content=\"INFORMARE PENTRU CLIEN\u021aI \u00cen calitate de furnizor de produse \u0219i prestator de servicii, HUTTER LAND SRL prelucreaz\u0103 date personale, prin site-ul www.casemobilealba.ro, \u00een conformitate cu Regulamentul (UE) 2016\/679(GDPR) \u0219i cu Legea nr. 190\/2018 privind m\u0103surile de aplicare a GDPR. &nbsp; &hellip; Continued\" \/>\n<meta property=\"og:url\" content=\"http:\/\/www.casemobilealba.ro\/acasa\/confidentialitate-gdpr\/\" \/>\n<meta property=\"og:site_name\" content=\"CASE MOBILE\" \/>\n<meta name=\"twitter:card\" content=\"summary_large_image\" \/>\n<meta name=\"twitter:label1\" content=\"Timp estimat pentru citire\" \/>\n\t<meta name=\"twitter:data1\" content=\"2 minute\" \/>\n<script type=\"application\/ld+json\" class=\"yoast-schema-graph\">{\"@context\":\"https:\\\/\\\/schema.org\",\"@graph\":[{\"@type\":\"WebPage\",\"@id\":\"http:\\\/\\\/www.casemobilealba.ro\\\/acasa\\\/confidentialitate-gdpr\\\/\",\"url\":\"http:\\\/\\\/www.casemobilealba.ro\\\/acasa\\\/confidentialitate-gdpr\\\/\",\"name\":\"CONFIDENTIALITATE-GDPR - CASE MOBILE\",\"isPartOf\":{\"@id\":\"https:\\\/\\\/www.casemobilealba.ro\\\/acasa\\\/#website\"},\"datePublished\":\"2019-12-18T07:45:27+00:00\",\"breadcrumb\":{\"@id\":\"http:\\\/\\\/www.casemobilealba.ro\\\/acasa\\\/confidentialitate-gdpr\\\/#breadcrumb\"},\"inLanguage\":\"ro-RO\",\"potentialAction\":[{\"@type\":\"ReadAction\",\"target\":[\"http:\\\/\\\/www.casemobilealba.ro\\\/acasa\\\/confidentialitate-gdpr\\\/\"]}]},{\"@type\":\"BreadcrumbList\",\"@id\":\"http:\\\/\\\/www.casemobilealba.ro\\\/acasa\\\/confidentialitate-gdpr\\\/#breadcrumb\",\"itemListElement\":[{\"@type\":\"ListItem\",\"position\":1,\"name\":\"Prima pagin\u0103\",\"item\":\"https:\\\/\\\/www.casemobilealba.ro\\\/acasa\\\/\"},{\"@type\":\"ListItem\",\"position\":2,\"name\":\"CONFIDENTIALITATE-GDPR\"}]},{\"@type\":\"WebSite\",\"@id\":\"https:\\\/\\\/www.casemobilealba.ro\\\/acasa\\\/#website\",\"url\":\"https:\\\/\\\/www.casemobilealba.ro\\\/acasa\\\/\",\"name\":\"CASE MOBILE\",\"description\":\"CASE MOBILE SECOND HAND - ALBA IULIA, ROM\u00c2NIA\",\"potentialAction\":[{\"@type\":\"SearchAction\",\"target\":{\"@type\":\"EntryPoint\",\"urlTemplate\":\"https:\\\/\\\/www.casemobilealba.ro\\\/acasa\\\/?s={search_term_string}\"},\"query-input\":{\"@type\":\"PropertyValueSpecification\",\"valueRequired\":true,\"valueName\":\"search_term_string\"}}],\"inLanguage\":\"ro-RO\"}]}<\/script>\n<!-- \/ Yoast SEO plugin. -->","yoast_head_json":{"title":"CONFIDENTIALITATE-GDPR - CASE MOBILE","robots":{"index":"index","follow":"follow","max-snippet":"max-snippet:-1","max-image-preview":"max-image-preview:large","max-video-preview":"max-video-preview:-1"},"canonical":"http:\/\/www.casemobilealba.ro\/acasa\/confidentialitate-gdpr\/","og_locale":"ro_RO","og_type":"article","og_title":"CONFIDENTIALITATE-GDPR - CASE MOBILE","og_description":"INFORMARE PENTRU CLIEN\u021aI \u00cen calitate de furnizor de produse \u0219i prestator de servicii, HUTTER LAND SRL prelucreaz\u0103 date personale, prin site-ul www.casemobilealba.ro, \u00een conformitate cu Regulamentul (UE) 2016\/679(GDPR) \u0219i cu Legea nr. 190\/2018 privind m\u0103surile de aplicare a GDPR. &nbsp; &hellip; Continued","og_url":"http:\/\/www.casemobilealba.ro\/acasa\/confidentialitate-gdpr\/","og_site_name":"CASE MOBILE","twitter_card":"summary_large_image","twitter_misc":{"Timp estimat pentru citire":"2 minute"},"schema":{"@context":"https:\/\/schema.org","@graph":[{"@type":"WebPage","@id":"http:\/\/www.casemobilealba.ro\/acasa\/confidentialitate-gdpr\/","url":"http:\/\/www.casemobilealba.ro\/acasa\/confidentialitate-gdpr\/","name":"CONFIDENTIALITATE-GDPR - CASE MOBILE","isPartOf":{"@id":"https:\/\/www.casemobilealba.ro\/acasa\/#website"},"datePublished":"2019-12-18T07:45:27+00:00","breadcrumb":{"@id":"http:\/\/www.casemobilealba.ro\/acasa\/confidentialitate-gdpr\/#breadcrumb"},"inLanguage":"ro-RO","potentialAction":[{"@type":"ReadAction","target":["http:\/\/www.casemobilealba.ro\/acasa\/confidentialitate-gdpr\/"]}]},{"@type":"BreadcrumbList","@id":"http:\/\/www.casemobilealba.ro\/acasa\/confidentialitate-gdpr\/#breadcrumb","itemListElement":[{"@type":"ListItem","position":1,"name":"Prima pagin\u0103","item":"https:\/\/www.casemobilealba.ro\/acasa\/"},{"@type":"ListItem","position":2,"name":"CONFIDENTIALITATE-GDPR"}]},{"@type":"WebSite","@id":"https:\/\/www.casemobilealba.ro\/acasa\/#website","url":"https:\/\/www.casemobilealba.ro\/acasa\/","name":"CASE MOBILE","description":"CASE MOBILE SECOND HAND - ALBA IULIA, ROM\u00c2NIA","potentialAction":[{"@type":"SearchAction","target":{"@type":"EntryPoint","urlTemplate":"https:\/\/www.casemobilealba.ro\/acasa\/?s={search_term_string}"},"query-input":{"@type":"PropertyValueSpecification","valueRequired":true,"valueName":"search_term_string"}}],"inLanguage":"ro-RO"}]}},"_links":{"self":[{"href":"http:\/\/www.casemobilealba.ro\/acasa\/wp-json\/wp\/v2\/pages\/5382","targetHints":{"allow":["GET"]}}],"collection":[{"href":"http:\/\/www.casemobilealba.ro\/acasa\/wp-json\/wp\/v2\/pages"}],"about":[{"href":"http:\/\/www.casemobilealba.ro\/acasa\/wp-json\/wp\/v2\/types\/page"}],"author":[{"embeddable":true,"href":"http:\/\/www.casemobilealba.ro\/acasa\/wp-json\/wp\/v2\/users\/1"}],"replies":[{"embeddable":true,"href":"http:\/\/www.casemobilealba.ro\/acasa\/wp-json\/wp\/v2\/comments?post=5382"}],"version-history":[{"count":2,"href":"http:\/\/www.casemobilealba.ro\/acasa\/wp-json\/wp\/v2\/pages\/5382\/revisions"}],"predecessor-version":[{"id":5385,"href":"http:\/\/www.casemobilealba.ro\/acasa\/wp-json\/wp\/v2\/pages\/5382\/revisions\/5385"}],"wp:attachment":[{"href":"http:\/\/www.casemobilealba.ro\/acasa\/wp-json\/wp\/v2\/media?parent=5382"}],"curies":[{"name":"wp","href":"https:\/\/api.w.org\/{rel}","templated":true}]}}